 24 = w - 31. What is the greatest common factor of a and w?
5
Suppose 81 = 3*s + 18. Let t = -688 + 486. Let d = t - -391. Calculate the greatest common divisor of d and s.
21
Let t(p) = 5*p. Let a be t(-1). Let y = -2700 + 2681. Let v = a - y. Calculate the highest common factor of 21 and v.
7
Let a = 6964 + -6908. What is the highest common factor of a and 14504?
56
Suppose 3*j = -3*g + 90, -2*g - 2 = 5*j - 140. Suppose -14*s + j + 72 = 0. Calculate the highest common divisor of 1 and s.
1
Let p = -125 + 178. Let c be (p + -1)*2*(-11)/(-44). Calculate the highest common divisor of c and 65.
13
Suppose -46431 = -13*a + 158579. Calculate the greatest common divisor of a and 38.
38
Let c(u) = -149*u + 115. Let s(k) = 100*k - 77. Let y(b) = -5*c(b) - 7*s(b). Let g be y(7). What is the greatest common divisor of 31 and g?
31
Let t = 296 - -86. Suppose -t = 35*a - 37*a. Let d = a - 139. Calculate the highest common divisor of 39 and d.
13
Suppose 0 = 3*v + 4*x - 16013, 19*v + 3*x = 15*v + 21353. Calculate the highest common factor of 19 and v.
19
Let d(z) = -1064*z + 3408. Let m be d(-7). Calculate the greatest common divisor of m and 184.
184
Let a(x) = 16 + 3 - 2*x + x. Let v(h) = -h**2 - 7*h + 53. Let p be v(-12). Let c be a(p). What is the greatest common divisor of c and 234?
26
Let j(u) = 6*u - 18. Let m be 14/(-21) + 28/6. Let l be j(m). Suppose 0 = 4*s - 2 - l. Calculate the greatest common divisor of s and 4.
2
Let a = -34 + 36. Let m(v) = v**3 - 2*v**2 + 2*v - 2. Let d be m(a). Suppose -2*n - d + 102 = 0. Calculate the greatest common divisor of 10 and n.
10
Let z(x) = 716*x**2 + 1128*x + 3390. Let m be z(-3). What is the highest common factor of 300 and m?
150
Let l be -8 - (31/279 - 9858/27). What is the highest common factor of 336 and l?
21
Let l be 102/(-15) - (-1)/(-5). Let j(z) = 243*z + 58*z**2 - 131*z - 59*z**2 - 28 - 22 - 127*z. Let r be j(l). Calculate the highest common divisor of r and 48.
6
Let u = 26 - 31. Let g be (-5310)/(-35) - u/(35/2). Let s(d) = -d**3 - 3*d**2 - 2*d - 5. Let m be s(-4). What is the highest common factor of m and g?
19
Suppose 9*y - 450 = 4*y. Suppose -4*i = i - 15. Suppose -i*x = -t + 10, -3*t + 4*x + 30 = 2*x. What is the greatest common factor of y and t?
10
Suppose 4*q - 3*a - 141 = 0, 0 = -3*q - 2*a - 3*a + 84. Suppose 36 = -31*r + q*r - 2*n, 0 = -5*r - n + 66. What is the greatest common divisor of 14 and r?
14
Suppose 54 = 2*m - x, -x - 56 = -4*m + 54. Suppose r - 23 = 3*i - 4*i, 4*i + 20 = 0. What is the greatest common divisor of m and r?
28
Let k be 4 + 4/8*0. Let t be (417/9 - 1) + k/(-3). Let n = 147 + -37. What is the highest common divisor of n and t?
22
Let o(k) = -k**2 - 8*k - 6. Let t be o(-2). Let w be 8/t*-31*(-75)/10. What is the greatest common divisor of 10 and w?
10
Let b be 173 + (-5)/(6 + -1). Suppose 141*x - b = 137*x. Calculate the highest common factor of x and 172.
43
Let x = -18 - -22. Suppose 3*z = -d - 179, -3*d = x - 16. Let a = z - -124. Calculate the highest common factor of a and 9.
9
Suppose -1405*f + 16532 = -25618. Let m be 108*(-1 - 6/(-4)). Calculate the highest common factor of f and m.
6
Let a be 0 - 6/(-4) - 168/(-48). Suppose 5*z = 3*n + 19, -5*n + z - 12 = a. Let w be 2782/39 - (-4)/n. What is the highest common divisor of 10 and w?
10
Let v be (16/(-12) + 0)*-3. Suppose -4*j = 4*c - 76, 2*c - v*c = j - 23. Suppose -j*x = -18*x + 24. Calculate the highest common divisor of 72 and x.
8
Suppose 0 = 5*b - 4*k - 2688, 17*b - 22*b = -5*k - 2685. What is the greatest common divisor of 75 and b?
15
Let c(r) = -2*r**2 - 3*r - 70. Let m be c(0). Let b be (-10)/m - 4755/(-35). Let j = 25 - 8. What is the highest common divisor of j and b?
17
Let k be 573/(-382)*(1 + (-3478)/6). Calculate the greatest common divisor of k and 280.
28
Suppose -7*s + 10*s - 72 = -3*l, -12 = 4*s. Calculate the greatest common factor of l and 11.
1
Let f(c) = 48*c + 992. Let n be f(19). Calculate the greatest common divisor of n and 102.
34
Suppose -3*m - 2*m + 15 = 0. Suppose -16 = m*i - 13. Let h be 10/15*i*-36. What is the greatest common factor of h and 8?
8
Suppose 5*j - 17*j + 264 = 0. Let i = 512 + -314. Calculate the highest common factor of j and i.
22
Suppose 25152 = -122*f + 186*f. What is the greatest common factor of 57 and f?
3
Let x(a) = a - 1. Let t be x(5). Let z be 1/t + (-99)/(-4). Let m be 702/4 + 1 + 6/(-4). Calculate the highest common divisor of z and m.
25
Let d be 2/2*0/(-1). Suppose d*m = 3*m - 216. Let c = 229 + -221. Calculate the greatest common factor of c and m.
8
Suppose -3*r + 6*r + 166 = -5*v, 2*v + 5*r + 74 = 0. Let b = -22 - v. Let u = -1101 - -1171. What is the highest common factor of u and b?
10
Let x be 270 - (138/299 - (-12)/(-26)). What is the highest common divisor of 4266 and x?
54
Suppose 5*t - 588 + 68 = 0. Let j be (1/(-2))/((-4)/t). Suppose 110 = 5*l + 5*h, -13*l + 5*l + 216 = -2*h. What is the greatest common factor of l and j?
13
Let q(a) = 9*a**3 - 27*a**2 + 20*a - 4. Let v be q(4). Calculate the greatest common factor of v and 580.
20
Let y(p) = 4*p**2 + 5*p - 104. Let k be y(5). What is the highest common divisor of 24 and k?
3
Suppose 0 = -3*f + 129 + 6. Let g = -369 + 474. What is the greatest common factor of g and f?
15
Suppose -3*n = -2*p + 12 + 2, 4*p = 3*n + 4. Let x be (-12)/2 + (n - -28). Calculate the greatest common divisor of x and 532.
14
Let x = -6104 + 7677. Calculate the greatest common divisor of 169 and x.
13
Let n = 16 + -14. Let o(l) = -9*l**2 + 0*l**2 + 18 + l + 10*l**n. Let t be o(6). Calculate the greatest common divisor of t and 12.
12
Let d = 9530 - 9242. Calculate the highest common divisor of d and 3240.
72
Suppose 21*p - 40 - 44 = 0. Suppose -g + 23 = r, 31 = -2*r + p*r + 5*g. What is the highest common divisor of r and 476?
28
Suppose 9*w + 628 = 10*w - h, -5*w + 3*h + 3148 = 0. Calculate the greatest common factor of 1106 and w.
158
Let b(h) = -3*h**3 - 4*h**2 - 6*h - 8. Let n be b(-4). Let s = 10661 - 9989. What is the greatest common divisor of s and n?
48
Suppose 2594 = 4*i - 3*m + 478, -2*i + 1080 = 4*m. Let f = -276522 + 276550. What is the greatest common factor of f and i?
28
Suppose a + 3*o = 7*o + 112, -a = 3*o - 112. Let b be 75/(-30)*a/(-20). Calculate the greatest common divisor of 49 and b.
7
Suppose 4*k - 3*k + o = -8, -2*o + 5 = -5*k. Let p be ((-21)/9 - k)/((-2)/(-396)). Calculate the greatest common divisor of p and 33.
33
Suppose -m + 1 = a - 6, -5*a + 44 = 2*m. Let q = 5238 + -10606. Let d be q/(-77) - (-3)/(42/4). Calculate the highest common divisor of d and a.
10
Let t = -2846 - -3021. Calculate the greatest common factor of 225 and t.
25
Let c be 8/(-14) + (-21585)/(-105). Let n = c + -195. Calculate the highest common factor of 45 and n.
5
Let d(x) = -2*x**3 + 89*x**2 + 63*x - 777. Let l be d(45). Calculate the highest common factor of 2981 and l.
11
Let c be 3 + 2/(0 - -1). Suppose 4*f = v + 1148, c*f + v - 880 = 546. What is the greatest common divisor of 26 and f?
26
Let v(m) = 3529*m - 6*m**2 + 3*m**2 + 4*m**2 - 4*m**2 - 3506*m - 11. Let c be v(6). What is the greatest common divisor of c and 931?
19
Suppose -17*a - 3576 = -102*a - 362*a. Calculate the highest common divisor of 35984 and a.
8
Let v(z) = -36*z**2 + 2*z + 16*z**2 + 2*z + 14*z**2 + z**3 - 15. Let k be v(7). Calculate the highest common factor of k and 62.
62
Let q = -113 - -118. Suppose 5*a - 45 = -q*y, -5*y = a - 2*a + 15. Let j(b) = b**3 - b**2 + 1. Let w be j(2). Calculate the highest common divisor of w and a.
5
Let t = 1031 + -635. Suppose -38 = 5*c - 83. Suppose -322 = -c*g + 2. Calculate the highest common factor of t and g.
36
Let r = -51 - -30. Let j(q) = -2*q - 38. Let f be j(r). Suppose 3*d - f = 11. Calculate the highest common factor of 40 and d.
5
Suppose d = 4*g + 569, 5*d - 1692 = 2*g + 1081. Let i = d - 551. Calculate the highest common divisor of 43 and i.
1
Let i(o) = 5*o - 5. Let h be i(4). Let p be 18/(-30) - 6/(-10). Suppose -19*b + 14*b + 825 = p. What is the highest common factor of h and b?
15
Let b(h) = -4*h - 35. Let d be b(-12). Suppose -d - 9 = 11*o. Let g be (40/(-30))/(o/3). Calculate the highest common factor of 3 and g.
1
Let f = 411 - 409. Suppose 2 = -f*w, 60*k - 65*k + 762 =